{"id":3909,"date":"2018-06-12T07:58:59","date_gmt":"2018-06-12T09:58:59","guid":{"rendered":"http:\/\/www.marykas.lt\/girsas\/?post_type=product&#038;p=3909"},"modified":"2018-11-24T17:42:59","modified_gmt":"2018-11-24T19:42:59","slug":"prileidimo-mechanizmas-1-2-son-paj-sil-20","status":"publish","type":"product","link":"http:\/\/www.marykas.lt\/girsas\/produktas\/nicoll-buitine-santechnika\/tualetu-irangos-dalys\/prileidimo-mechanizmas-1-2-son-paj-sil-20\/","title":{"rendered":"Prileidimo mechanizmas 1\/2&#8243; \u0161on. paj. SIL 20"},"content":{"rendered":"<p>Betriuk\u0161mis vandens prileidimo mechanizmas su \u0161oniniu 1\/2&#8243; pajungimu. Savaime i\u0161sivalantis.<\/p>\n","protected":false},"excerpt":{"rendered":"<p>Betriuk\u0161mis vandens prileidimo mechanizmas su \u0161oniniu 1\/2&#8243; pajungimu. Savaime i\u0161sivalantis.<\/p>\n","protected":false},"featured_media":3910,"comment_status":"open","ping_status":"closed","template":"","meta":[],"_links":{"self":[{"href":"http:\/\/www.marykas.lt\/girsas\/wp-json\/wp\/v2\/product\/3909"}],"collection":[{"href":"http:\/\/www.marykas.lt\/girsas\/wp-json\/wp\/v2\/product"}],"about":[{"href":"http:\/\/www.marykas.lt\/girsas\/wp-json\/wp\/v2\/types\/product"}],"replies":[{"embeddable":true,"href":"http:\/\/www.marykas.lt\/girsas\/wp-json\/wp\/v2\/comments?post=3909"}],"wp:featuredmedia":[{"embeddable":true,"href":"http:\/\/www.marykas.lt\/girsas\/wp-json\/wp\/v2\/media\/3910"}],"wp:attachment":[{"href":"http:\/\/www.marykas.lt\/girsas\/wp-json\/wp\/v2\/media?parent=3909"}],"curies":[{"name":"wp","href":"https:\/\/api.w.org\/{rel}","templated":true}]}}