{"id":3891,"date":"2018-06-12T07:31:27","date_gmt":"2018-06-12T09:31:27","guid":{"rendered":"http:\/\/www.marykas.lt\/girsas\/?post_type=product&#038;p=3891"},"modified":"2018-11-24T17:44:17","modified_gmt":"2018-11-24T19:44:17","slug":"viengubo-nuleidimo-mechanizmas-1v01s","status":"publish","type":"product","link":"http:\/\/www.marykas.lt\/girsas\/produktas\/nicoll-buitine-santechnika\/tualetu-irangos-dalys\/viengubo-nuleidimo-mechanizmas-1v01s\/","title":{"rendered":"Viengubo nuleidimo mechanizmas 1V01S"},"content":{"rendered":"<p>Universalus vandens nuleidimo mechanizmas su viengubo paspaudimo mygtuku.Reguliuojamas likutinis vandens lygis.Lengvas montavimas.Universalus tinka vis\u0173 tip\u0173 wc bakeliams su dang\u010dio skyle nuo 16 iki 50 mm,auk\u0161\u010diui nuo 270 iki 420 mm.<\/p>\n<p><a href=\"http:\/\/www.marykas.lt\/girsas\/wp-content\/uploads\/2018\/06\/2v01-montavimo-instrukcija.pdf\">Montavimo instrukcija<\/a><\/p>\n","protected":false},"excerpt":{"rendered":"<p>Universalus vandens nuleidimo mechanizmas su viengubo paspaudimo mygtuku.Reguliuojamas likutinis vandens lygis.Lengvas montavimas.Universalus tinka vis\u0173 tip\u0173 wc bakeliams su dang\u010dio skyle nuo 16 iki 50 mm,auk\u0161\u010diui nuo 270 iki 420 mm.<\/p>\n","protected":false},"featured_media":3892,"comment_status":"open","ping_status":"closed","template":"","meta":[],"_links":{"self":[{"href":"http:\/\/www.marykas.lt\/girsas\/wp-json\/wp\/v2\/product\/3891"}],"collection":[{"href":"http:\/\/www.marykas.lt\/girsas\/wp-json\/wp\/v2\/product"}],"about":[{"href":"http:\/\/www.marykas.lt\/girsas\/wp-json\/wp\/v2\/types\/product"}],"replies":[{"embeddable":true,"href":"http:\/\/www.marykas.lt\/girsas\/wp-json\/wp\/v2\/comments?post=3891"}],"wp:featuredmedia":[{"embeddable":true,"href":"http:\/\/www.marykas.lt\/girsas\/wp-json\/wp\/v2\/media\/3892"}],"wp:attachment":[{"href":"http:\/\/www.marykas.lt\/girsas\/wp-json\/wp\/v2\/media?parent=3891"}],"curies":[{"name":"wp","href":"https:\/\/api.w.org\/{rel}","templated":true}]}}