{"id":3774,"date":"2018-06-11T06:44:48","date_gmt":"2018-06-11T08:44:48","guid":{"rendered":"http:\/\/www.marykas.lt\/girsas\/?post_type=product&#038;p=3774"},"modified":"2018-11-24T18:01:21","modified_gmt":"2018-11-24T20:01:21","slug":"plautuves-kamstis-513","status":"publish","type":"product","link":"http:\/\/www.marykas.lt\/girsas\/produktas\/nicoll-buitine-santechnika\/voniu-kriaukliu-dalys\/kriaukles-plautuves\/plautuves-kamstis-513\/","title":{"rendered":"Plautuv\u0117s kam\u0161tis 513"},"content":{"rendered":"<p>Plautuv\u0117s kam\u0161tis diam 90 mm. Tinka visiems kriaukli\u0173 tipams. Plieno, akrilo, keramikos.Grotel\u0117s i\u0161 ner\u016bdijan\u010dio plieno diam 114 mm. Su krep\u0161elio formos filtru. I\u0161\u0117jimas diam 40 u\u017esidaro pasukus krep\u0161el\u012f.<\/p>\n","protected":false},"excerpt":{"rendered":"<p>Plautuv\u0117s kam\u0161tis diam 90 mm. Tinka visiems kriaukli\u0173 tipams. Plieno, akrilo, keramikos.Grotel\u0117s i\u0161 ner\u016bdijan\u010dio plieno diam 114 mm. Su krep\u0161elio formos filtru. I\u0161\u0117jimas diam 40 u\u017esidaro pasukus krep\u0161el\u012f.<\/p>\n","protected":false},"featured_media":3775,"comment_status":"open","ping_status":"closed","template":"","meta":[],"_links":{"self":[{"href":"http:\/\/www.marykas.lt\/girsas\/wp-json\/wp\/v2\/product\/3774"}],"collection":[{"href":"http:\/\/www.marykas.lt\/girsas\/wp-json\/wp\/v2\/product"}],"about":[{"href":"http:\/\/www.marykas.lt\/girsas\/wp-json\/wp\/v2\/types\/product"}],"replies":[{"embeddable":true,"href":"http:\/\/www.marykas.lt\/girsas\/wp-json\/wp\/v2\/comments?post=3774"}],"wp:featuredmedia":[{"embeddable":true,"href":"http:\/\/www.marykas.lt\/girsas\/wp-json\/wp\/v2\/media\/3775"}],"wp:attachment":[{"href":"http:\/\/www.marykas.lt\/girsas\/wp-json\/wp\/v2\/media?parent=3774"}],"curies":[{"name":"wp","href":"https:\/\/api.w.org\/{rel}","templated":true}]}}