{"id":3734,"date":"2018-06-11T06:15:33","date_gmt":"2018-06-11T08:15:33","guid":{"rendered":"http:\/\/www.marykas.lt\/girsas\/?post_type=product&#038;p=3734"},"modified":"2018-11-24T18:06:41","modified_gmt":"2018-11-24T20:06:41","slug":"chromuotas-sifono-dangtelis-paspaudziamas-l32um","status":"publish","type":"product","link":"http:\/\/www.marykas.lt\/girsas\/produktas\/nicoll-buitine-santechnika\/voniu-kriaukliu-dalys\/praustuves-bides\/chromuotas-sifono-dangtelis-paspaudziamas-l32um\/","title":{"rendered":"Chromuotas sifono dangtelis (paspaud\u017eiamas) L32UM"},"content":{"rendered":"<p>Praustuvo sifono cilindro formos, apvalus dangtelis. \u017dalvarinis padengtas chromu. Tinka vis\u0173 tip\u0173 kriaukl\u0117ms, ilgas tvirtinimui var\u017etas. U\u017esidaro paspaudus kam\u0161tel\u012f. I\u0161\u0117jimas 1 1\/4&#8243;.<\/p>\n","protected":false},"excerpt":{"rendered":"<p>Praustuvo sifono cilindro formos, apvalus dangtelis. \u017dalvarinis padengtas chromu. Tinka vis\u0173 tip\u0173 kriaukl\u0117ms, ilgas tvirtinimui var\u017etas. U\u017esidaro paspaudus kam\u0161tel\u012f. I\u0161\u0117jimas 1 1\/4&#8243;.<\/p>\n","protected":false},"featured_media":3735,"comment_status":"open","ping_status":"closed","template":"","meta":[],"_links":{"self":[{"href":"http:\/\/www.marykas.lt\/girsas\/wp-json\/wp\/v2\/product\/3734"}],"collection":[{"href":"http:\/\/www.marykas.lt\/girsas\/wp-json\/wp\/v2\/product"}],"about":[{"href":"http:\/\/www.marykas.lt\/girsas\/wp-json\/wp\/v2\/types\/product"}],"replies":[{"embeddable":true,"href":"http:\/\/www.marykas.lt\/girsas\/wp-json\/wp\/v2\/comments?post=3734"}],"wp:featuredmedia":[{"embeddable":true,"href":"http:\/\/www.marykas.lt\/girsas\/wp-json\/wp\/v2\/media\/3735"}],"wp:attachment":[{"href":"http:\/\/www.marykas.lt\/girsas\/wp-json\/wp\/v2\/media?parent=3734"}],"curies":[{"name":"wp","href":"https:\/\/api.w.org\/{rel}","templated":true}]}}