{"id":3717,"date":"2018-06-11T06:05:12","date_gmt":"2018-06-11T08:05:12","guid":{"rendered":"http:\/\/www.marykas.lt\/girsas\/?post_type=product&#038;p=3717"},"modified":"2018-11-24T18:08:33","modified_gmt":"2018-11-24T20:08:33","slug":"sifono-dangtelis-l262","status":"publish","type":"product","link":"http:\/\/www.marykas.lt\/girsas\/produktas\/nicoll-buitine-santechnika\/voniu-kriaukliu-dalys\/praustuves-bides\/sifono-dangtelis-l262\/","title":{"rendered":"Sifono dangtelis L262"},"content":{"rendered":"<p>Sifono dangtelis su ner\u016bdijan\u010dio plieno grotel\u0117mis. I\u0161\u0117jimas 1 1\/4&#8243;.<\/p>\n","protected":false},"excerpt":{"rendered":"<p>Sifono dangtelis su ner\u016bdijan\u010dio plieno grotel\u0117mis. I\u0161\u0117jimas 1 1\/4&#8243;.<\/p>\n","protected":false},"featured_media":3718,"comment_status":"open","ping_status":"closed","template":"","meta":[],"_links":{"self":[{"href":"http:\/\/www.marykas.lt\/girsas\/wp-json\/wp\/v2\/product\/3717"}],"collection":[{"href":"http:\/\/www.marykas.lt\/girsas\/wp-json\/wp\/v2\/product"}],"about":[{"href":"http:\/\/www.marykas.lt\/girsas\/wp-json\/wp\/v2\/types\/product"}],"replies":[{"embeddable":true,"href":"http:\/\/www.marykas.lt\/girsas\/wp-json\/wp\/v2\/comments?post=3717"}],"wp:featuredmedia":[{"embeddable":true,"href":"http:\/\/www.marykas.lt\/girsas\/wp-json\/wp\/v2\/media\/3718"}],"wp:attachment":[{"href":"http:\/\/www.marykas.lt\/girsas\/wp-json\/wp\/v2\/media?parent=3717"}],"curies":[{"name":"wp","href":"https:\/\/api.w.org\/{rel}","templated":true}]}}