{"id":3698,"date":"2018-06-11T05:51:50","date_gmt":"2018-06-11T07:51:50","guid":{"rendered":"http:\/\/www.marykas.lt\/girsas\/?post_type=product&#038;p=3698"},"modified":"2018-11-24T18:12:05","modified_gmt":"2018-11-24T20:12:05","slug":"automatinis-sifono-kamstis-l212t","status":"publish","type":"product","link":"http:\/\/www.marykas.lt\/girsas\/produktas\/nicoll-buitine-santechnika\/voniu-kriaukliu-dalys\/praustuves-bides\/automatinis-sifono-kamstis-l212t\/","title":{"rendered":"Automatinis sifono kam\u0161tis L212T"},"content":{"rendered":"<p>Automatinis sifono kam\u0161tis su svirtele kam\u0161tuko u\u017edarymui. Bronzinis chromuotas. I\u0161\u0117jimas 1 1\/4&#8243;.<\/p>\n","protected":false},"excerpt":{"rendered":"<p>Automatinis sifono kam\u0161tis su svirtele kam\u0161tuko u\u017edarymui. Bronzinis chromuotas. I\u0161\u0117jimas 1 1\/4&#8243;.<\/p>\n","protected":false},"featured_media":3699,"comment_status":"open","ping_status":"closed","template":"","meta":[],"_links":{"self":[{"href":"http:\/\/www.marykas.lt\/girsas\/wp-json\/wp\/v2\/product\/3698"}],"collection":[{"href":"http:\/\/www.marykas.lt\/girsas\/wp-json\/wp\/v2\/product"}],"about":[{"href":"http:\/\/www.marykas.lt\/girsas\/wp-json\/wp\/v2\/types\/product"}],"replies":[{"embeddable":true,"href":"http:\/\/www.marykas.lt\/girsas\/wp-json\/wp\/v2\/comments?post=3698"}],"wp:featuredmedia":[{"embeddable":true,"href":"http:\/\/www.marykas.lt\/girsas\/wp-json\/wp\/v2\/media\/3699"}],"wp:attachment":[{"href":"http:\/\/www.marykas.lt\/girsas\/wp-json\/wp\/v2\/media?parent=3698"}],"curies":[{"name":"wp","href":"https:\/\/api.w.org\/{rel}","templated":true}]}}