{"id":3683,"date":"2018-06-11T05:44:33","date_gmt":"2018-06-11T07:44:33","guid":{"rendered":"http:\/\/www.marykas.lt\/girsas\/?post_type=product&#038;p=3683"},"modified":"2018-11-24T18:13:38","modified_gmt":"2018-11-24T20:13:38","slug":"chromuotas-sifonas-l3520","status":"publish","type":"product","link":"http:\/\/www.marykas.lt\/girsas\/produktas\/nicoll-buitine-santechnika\/voniu-kriaukliu-dalys\/praustuves-bides\/chromuotas-sifonas-l3520\/","title":{"rendered":"Chromuotas sifonas L3520"},"content":{"rendered":"<p>Chromuotas praustuvo sifonas. Reguliuojamas auk\u0161tis.I\u0161\u0117jimas diam.32mm.<\/p>\n","protected":false},"excerpt":{"rendered":"<p>Chromuotas praustuvo sifonas. Reguliuojamas auk\u0161tis.I\u0161\u0117jimas diam.32mm.<\/p>\n","protected":false},"featured_media":3684,"comment_status":"open","ping_status":"closed","template":"","meta":[],"_links":{"self":[{"href":"http:\/\/www.marykas.lt\/girsas\/wp-json\/wp\/v2\/product\/3683"}],"collection":[{"href":"http:\/\/www.marykas.lt\/girsas\/wp-json\/wp\/v2\/product"}],"about":[{"href":"http:\/\/www.marykas.lt\/girsas\/wp-json\/wp\/v2\/types\/product"}],"replies":[{"embeddable":true,"href":"http:\/\/www.marykas.lt\/girsas\/wp-json\/wp\/v2\/comments?post=3683"}],"wp:featuredmedia":[{"embeddable":true,"href":"http:\/\/www.marykas.lt\/girsas\/wp-json\/wp\/v2\/media\/3684"}],"wp:attachment":[{"href":"http:\/\/www.marykas.lt\/girsas\/wp-json\/wp\/v2\/media?parent=3683"}],"curies":[{"name":"wp","href":"https:\/\/api.w.org\/{rel}","templated":true}]}}