{"id":3641,"date":"2018-06-11T05:09:57","date_gmt":"2018-06-11T07:09:57","guid":{"rendered":"http:\/\/www.marykas.lt\/girsas\/?post_type=product&#038;p=3641"},"modified":"2018-11-24T18:19:47","modified_gmt":"2018-11-24T20:19:47","slug":"praustuvo-sifonas-l211","status":"publish","type":"product","link":"http:\/\/www.marykas.lt\/girsas\/produktas\/nicoll-buitine-santechnika\/voniu-kriaukliu-dalys\/praustuves-bides\/praustuvo-sifonas-l211\/","title":{"rendered":"Praustuvo sifonas L211"},"content":{"rendered":"<p>Universalus. Reguliuojamas auk\u0161tis.\u00a0 Lengvai i\u0161ardomas ir i\u0161valomas, i\u0161\u0117jimo diam 32<\/p>\n","protected":false},"excerpt":{"rendered":"<p>Universalus. Reguliuojamas auk\u0161tis.\u00a0 Lengvai i\u0161ardomas ir i\u0161valomas, i\u0161\u0117jimo diam 32<\/p>\n","protected":false},"featured_media":3642,"comment_status":"open","ping_status":"closed","template":"","meta":[],"_links":{"self":[{"href":"http:\/\/www.marykas.lt\/girsas\/wp-json\/wp\/v2\/product\/3641"}],"collection":[{"href":"http:\/\/www.marykas.lt\/girsas\/wp-json\/wp\/v2\/product"}],"about":[{"href":"http:\/\/www.marykas.lt\/girsas\/wp-json\/wp\/v2\/types\/product"}],"replies":[{"embeddable":true,"href":"http:\/\/www.marykas.lt\/girsas\/wp-json\/wp\/v2\/comments?post=3641"}],"wp:featuredmedia":[{"embeddable":true,"href":"http:\/\/www.marykas.lt\/girsas\/wp-json\/wp\/v2\/media\/3642"}],"wp:attachment":[{"href":"http:\/\/www.marykas.lt\/girsas\/wp-json\/wp\/v2\/media?parent=3641"}],"curies":[{"name":"wp","href":"https:\/\/api.w.org\/{rel}","templated":true}]}}