{"id":3254,"date":"2018-06-06T06:34:51","date_gmt":"2018-06-06T08:34:51","guid":{"rendered":"http:\/\/www.marykas.lt\/girsas\/?post_type=product&#038;p=3254"},"modified":"2018-06-06T06:34:52","modified_gmt":"2018-06-06T08:34:52","slug":"nuozulu-nuemejas","status":"publish","type":"product","link":"http:\/\/www.marykas.lt\/girsas\/produktas\/girpi-pramoninis-vamzdynas\/girair\/nuozulu-nuemejas\/","title":{"rendered":"Nuo\u017eul\u0173 nu\u0117m\u0117jas"},"content":{"rendered":"","protected":false},"excerpt":{"rendered":"","protected":false},"featured_media":0,"comment_status":"open","ping_status":"closed","template":"","meta":[],"_links":{"self":[{"href":"http:\/\/www.marykas.lt\/girsas\/wp-json\/wp\/v2\/product\/3254"}],"collection":[{"href":"http:\/\/www.marykas.lt\/girsas\/wp-json\/wp\/v2\/product"}],"about":[{"href":"http:\/\/www.marykas.lt\/girsas\/wp-json\/wp\/v2\/types\/product"}],"replies":[{"embeddable":true,"href":"http:\/\/www.marykas.lt\/girsas\/wp-json\/wp\/v2\/comments?post=3254"}],"wp:attachment":[{"href":"http:\/\/www.marykas.lt\/girsas\/wp-json\/wp\/v2\/media?parent=3254"}],"curies":[{"name":"wp","href":"https:\/\/api.w.org\/{rel}","templated":true}]}}