{"id":3214,"date":"2018-06-04T11:34:42","date_gmt":"2018-06-04T13:34:42","guid":{"rendered":"http:\/\/www.marykas.lt\/girsas\/?post_type=product&#038;p=3214"},"modified":"2018-06-04T11:34:42","modified_gmt":"2018-06-04T13:34:42","slug":"flansine-ivore-gacs","status":"publish","type":"product","link":"http:\/\/www.marykas.lt\/girsas\/produktas\/girpi-pramoninis-vamzdynas\/girair\/flansine-ivore-gacs\/","title":{"rendered":"Flan\u0161in\u0117 \u012fvor\u0117 GACS"},"content":{"rendered":"","protected":false},"excerpt":{"rendered":"","protected":false},"featured_media":3215,"comment_status":"open","ping_status":"closed","template":"","meta":[],"_links":{"self":[{"href":"http:\/\/www.marykas.lt\/girsas\/wp-json\/wp\/v2\/product\/3214"}],"collection":[{"href":"http:\/\/www.marykas.lt\/girsas\/wp-json\/wp\/v2\/product"}],"about":[{"href":"http:\/\/www.marykas.lt\/girsas\/wp-json\/wp\/v2\/types\/product"}],"replies":[{"embeddable":true,"href":"http:\/\/www.marykas.lt\/girsas\/wp-json\/wp\/v2\/comments?post=3214"}],"wp:featuredmedia":[{"embeddable":true,"href":"http:\/\/www.marykas.lt\/girsas\/wp-json\/wp\/v2\/media\/3215"}],"wp:attachment":[{"href":"http:\/\/www.marykas.lt\/girsas\/wp-json\/wp\/v2\/media?parent=3214"}],"curies":[{"name":"wp","href":"https:\/\/api.w.org\/{rel}","templated":true}]}}