{"id":3943,"date":"2018-06-12T10:06:22","date_gmt":"2018-06-12T12:06:22","guid":{"rendered":"http:\/\/www.marykas.lt\/girsas\/?page_id=3943"},"modified":"2018-06-12T10:51:45","modified_gmt":"2018-06-12T12:51:45","slug":"grindinis-sildymas-proklima","status":"publish","type":"page","link":"http:\/\/www.marykas.lt\/girsas\/lt\/grindinis-sildymas-proklima\/","title":{"rendered":"Grindinis \u0161ildymas proklima"},"content":{"rendered":"<div class=\"wpb-content-wrapper\"><p>[vc_row][vc_column][vc_single_image image=\u201c3944&#8243; img_size=\u201cfull\u201c alignment=\u201ccenter\u201c][\/vc_column][\/vc_row][vc_row][vc_column][vc_column_text]proKLIMA\u00ae grindinio \u0161ildymo, v\u0117sinimo ir v\u0117dinimo sistema skirta individualiems namans, ofisams, visuomenin\u0117s paskirties pastatams.<\/p>\n<p>\u0160i patentuota sistema sukurta Vokietijoje Firmoje EHT \u201cSiegmund\u201d montuojama ir veikia jau vir\u0161 10 met\u0173.<br \/>\nproKLIMA\u00ae  tai daugiafunkcin\u0117 sistema apjungianti savyje \u0161ildym\u0105 v\u0117dinim\u0105 ir v\u0117sinim\u0105.<\/p>\n<p>\u012e sistem\u0105 \u012feina:<br \/>\n&#8211;          grindinis \u0161ildymas<br \/>\n&#8211;          automatin\u0117 grindinio \u0161ildymo reguliavimo sistema<br \/>\n&#8211;          v\u0117dinimo sistema su oro pa\u0161ildymu (pasl\u0117pta grindyse)<br \/>\n&#8211;          panaudoto oro i\u0161traukimo sistema (pasl\u0117pta grindyse)<br \/>\n&#8211;          rekuperacijos sistema (esant pageidavimui su aktyvaus v\u0117sinimo \u012franga)<\/p>\n<p>proKLIMA\u00aeprivalumai:<br \/>\n&#8211;          Idealus temperat\u016bros paskirstymas;<br \/>\n&#8211;          \u017diem\u0105 \u0161ildymas vasar\u0105 v\u0117sinimas;<br \/>\n&#8211;          Idealiai tinka naudojant geotermin\u012f \u0161ildym\u0105 arba kondensacinius duj\u0173 katilus<br \/>\n&#8211;          Ma\u017eesnis dulki\u0173 jud\u0117jimas nei \u0161ildantis radiatoriais (konvekcija);<br \/>\n&#8211;          Sveikesn\u0117 atmosfera (ideali \u017emon\u0117ms, ken\u010diantiems nuo alergijos).<br \/>\n&#8211;          Visada grynas norimos temperat\u016bros oras;<br \/>\n&#8211;          Laisv\u0117 planuojant nam\u0173 apstatym\u0105 (viskas sumontuota po grindimis);<br \/>\n&#8211;          Automatinis temperat\u016br\u0173 reguliavimas.<br \/>\n&#8211;          Papildomai leid\u017eia \u012frengti oro jonizavimo sistem\u0105[\/vc_column_text][\/vc_column][\/vc_row]<\/p>\n<\/div>","protected":false},"excerpt":{"rendered":"<p>[vc_row][vc_column][vc_single_image image=\u201c3944&#8243; img_size=\u201cfull\u201c alignment=\u201ccenter\u201c][\/vc_column][\/vc_row][vc_row][vc_column][vc_column_text]proKLIMA\u00ae grindinio \u0161ildymo, v\u0117sinimo ir v\u0117dinimo sistema skirta individualiems namans, ofisams, visuomenin\u0117s paskirties pastatams. \u0160i patentuota sistema sukurta Vokietijoje Firmoje EHT \u201cSiegmund\u201d montuojama<span class=\"excerpt-hellip\"> [\u2026]<\/span><\/p>\n","protected":false},"author":1,"featured_media":0,"parent":0,"menu_order":0,"comment_status":"closed","ping_status":"closed","template":"","meta":[],"_links":{"self":[{"href":"http:\/\/www.marykas.lt\/girsas\/wp-json\/wp\/v2\/pages\/3943"}],"collection":[{"href":"http:\/\/www.marykas.lt\/girsas\/wp-json\/wp\/v2\/pages"}],"about":[{"href":"http:\/\/www.marykas.lt\/girsas\/wp-json\/wp\/v2\/types\/page"}],"author":[{"embeddable":true,"href":"http:\/\/www.marykas.lt\/girsas\/wp-json\/wp\/v2\/users\/1"}],"replies":[{"embeddable":true,"href":"http:\/\/www.marykas.lt\/girsas\/wp-json\/wp\/v2\/comments?post=3943"}],"version-history":[{"count":5,"href":"http:\/\/www.marykas.lt\/girsas\/wp-json\/wp\/v2\/pages\/3943\/revisions"}],"predecessor-version":[{"id":3974,"href":"http:\/\/www.marykas.lt\/girsas\/wp-json\/wp\/v2\/pages\/3943\/revisions\/3974"}],"wp:attachment":[{"href":"http:\/\/www.marykas.lt\/girsas\/wp-json\/wp\/v2\/media?parent=3943"}],"curies":[{"name":"wp","href":"https:\/\/api.w.org\/{rel}","templated":true}]}}